{"id":60,"date":"2025-08-15T16:07:09","date_gmt":"2025-08-15T14:07:09","guid":{"rendered":"http:\/\/185.53.129.224\/?page_id=60"},"modified":"2025-08-15T16:29:54","modified_gmt":"2025-08-15T14:29:54","slug":"des-kits-de-conseils-juridiques","status":"publish","type":"page","link":"https:\/\/ufc-que-choisir-lauragais.fr\/index.php\/des-kits-de-conseils-juridiques\/","title":{"rendered":"ici, DES RESSOURCES et LIENS UTILES"},"content":{"rendered":"\n<div style=\"height:6px\" aria-hidden=\"true\" class=\"wp-block-spacer\"><\/div>\n\n\n\n<p><strong><mark style=\"background-color:rgba(0, 0, 0, 0);color:#761e99\" class=\"has-inline-color\">Pour recevoir <strong><mark style=\"background-color:rgba(0, 0, 0, 0);color:#761e99\" class=\"has-inline-color\">(gratuitement)<\/mark><\/strong><\/mark><\/strong> <strong><mark style=\"background-color:rgba(0, 0, 0, 0);color:#761e99\" class=\"has-inline-color\">les communiqu\u00e9s  de l&rsquo;UFC Que Choisir<\/mark> :<\/strong> <a href=\"https:\/\/www.quechoisir.org\/utils\/newsletter\" data-type=\"URL\" data-id=\"https:\/\/www.quechoisir.org\/utils\/newsletter\">la newsletter<\/a><\/p>\n\n\n<div class=\"wp-block-image\">\n<figure class=\"aligncenter size-full is-resized\"><img loading=\"lazy\" decoding=\"async\" width=\"130\" height=\"130\" src=\"https:\/\/ufc-que-choisir-lauragais.fr\/wp-content\/uploads\/2023\/05\/image-15.png\" alt=\"\" class=\"wp-image-2189\" style=\"width:164px;height:164px\"\/><\/figure>\n<\/div>\n\n\n<p style=\"font-size:18px\"><mark style=\"background-color:rgba(0, 0, 0, 0);color:#761e99\" class=\"has-inline-color\"><strong>Pour envoyer votre t\u00e9moignage sur un probl\u00e8me de consommation \u00e0 la revue Que Choisir  :<\/strong><\/mark><\/p>\n\n\n\n<p class=\"has-text-align-center\">                                             <a href=\"mailto:courrierdeslecteurs@quechoisir.org\">courrierdeslecteurs@quechoisir.org<\/a><\/p>\n\n\n\n<div style=\"height:25px\" aria-hidden=\"true\" class=\"wp-block-spacer\"><\/div>\n\n\n\n<p class=\"has-black-color has-text-color has-medium-font-size\"><strong><mark style=\"background-color:rgba(0, 0, 0, 0);color:#761e99\" class=\"has-inline-color\">Pour r\u00e9diger des lettres, \u00e0 votre disposition gratuitement des lettres-types de r\u00e9clamation ou de r\u00e9siliation propos\u00e9es par l&rsquo;UFC Que Choisir :  <\/mark><\/strong><\/p>\n\n\n\n<p class=\"has-text-align-center has-light-gray-background-color has-text-color has-background\" style=\"color:#0056cc;font-size:18px\"><a href=\"https:\/\/go.mail.quechoisir.org\/lnk\/AUgAAAffRTUAAcpVAtIAAAJdQEgAAABHQa0AJWUKAAqj_QBjsoaNo6Z-oHzKT-WsIAsAUvzacQAJ1Y8\/8\/6S8yMwt3kMlWzHuOcIl8CA\/aHR0cHM6Ly9sZXR0cmUtdHlwZS5xdWVjaG9pc2lyLm9yZy8_dXRtX21lZGl1bT1lbWFpbCZ1dG1fc291cmNlPW5sJnV0bV9jYW1wYWlnbj1ubF92b2V1eDIwMjMwMTAxKyZhdF9tZWRpdW09ZW1haWwmYXRfZW1haWx0eXBlPXJldGVudGlvbiZhdF9jYW1wYWlnbj1ubF92b2V1eDIwMjMwMTAxKw\">247 lettres types<\/a><\/p>\n\n\n\n<div style=\"height:20px\" aria-hidden=\"true\" class=\"wp-block-spacer\"><\/div>\n\n\n\n<p class=\"has-black-color has-text-color\" style=\"font-size:18px\"><strong><mark style=\"background-color:rgba(0, 0, 0, 0);color:#761e99\" class=\"has-inline-color\">Pour consulter la cha\u00eene youtube de l&rsquo;UFC Que Choisir  :<\/mark><\/strong><\/p>\n\n\n\n<figure class=\"wp-block-image size-large\"><a href=\"https:\/\/www.youtube.com\/user\/ufcquechoisir\"><img decoding=\"async\" src=\"https:\/\/yt3.googleusercontent.com\/IcLM8ld6RztV2v6a0YMOEEIRKrKPYKHnB2F4YXhmW4Ahh6Z_CwYRWylG7srMITN0H5j2qCtW=w1060-fcrop64=1,00005a57ffffa5a8-k-c0xffffffff-no-nd-rj\" alt=\"\"\/><\/a><\/figure>\n\n\n\n<div style=\"height:22px\" aria-hidden=\"true\" class=\"wp-block-spacer\"><\/div>\n\n\n\n<p style=\"font-size:18px\"><strong><span style=\"color:#761e99\" class=\"has-inline-color\">Pour conna\u00eetre les produits dangereux faisant l&rsquo;objet d&rsquo;un rappel  :<\/span><\/strong><\/p>\n\n\n\n<p class=\"has-text-align-center has-blue-color has-text-color\" style=\"font-size:18px\"><a href=\"https:\/\/rappel.conso.gouv.fr\/\" target=\"_blank\" rel=\"noreferrer noopener\">Rappel Consommateur &#8211; Accueil<\/a><\/p>\n\n\n<div class=\"wp-block-image\">\n<figure class=\"aligncenter\"><img decoding=\"async\" src=\"https:\/\/rappel.conso.gouv.fr\/assets\/img\/entete\/logo-rappel-conso-CMJN.png\" alt=\"\"\/><\/figure>\n<\/div>\n\n\n<div style=\"height:26px\" aria-hidden=\"true\" class=\"wp-block-spacer\"><\/div>\n\n\n\n<p style=\"font-size:18px\"><strong><span style=\"color:#761e99\" class=\"has-inline-color\">Pour signaler un probl\u00e8me \u00e0 la r\u00e9pression des fraudes :<\/span><\/strong><\/p>\n\n\n\n<p class=\"has-text-align-center\" style=\"font-size:18px\"><strong><span style=\"color:#761e99\" class=\"has-inline-color\"> <\/span><\/strong><a href=\"https:\/\/signal.conso.gouv.fr\/\">SignalConso, un service public pour les consommateurs<\/a><\/p>\n\n\n<div class=\"wp-block-image\">\n<figure class=\"aligncenter size-large\"><img decoding=\"async\" src=\"data:image\/jpeg;base64,\/9j\/4AAQSkZJRgABAQAAAQABAAD\/2wCEAAkGBxESEhUSERAVFRUXGBcXFxgXGBkYFhgXGRUXFxoYGhgaHSggGB8pGxUYITEhJSkrLi4uFx8zODMsNygtLisBCgoKDg0OGxAQGy0lHyUvLS01LS0tLS0tLS0tLi0tLS0tLS0tLS0tLTctLS0tLS0tLS0tLS0tLS0tLS0tLS0tLf\/AABEIAKsBJgMBIgACEQEDEQH\/xAAcAAEAAgMBAQEAAAAAAAAAAAAABgcEBQgDAQL\/xABMEAABAwICBwUCCQkGBAcAAAABAAIDBBESIQUGBzFBUWETInGBkXOhFDIzNVKSsbKzIzRCU2JydJPRFReCosHwFkNE0iQlVFVjo+H\/xAAaAQEBAQEBAQEAAAAAAAAAAAAAAgEDBAUG\/8QAIxEAAwADAAEEAwEBAAAAAAAAAAECAxExIQQSE0EiMlEFcf\/aAAwDAQACEQMRAD8AvFERAEREAREQBERAEREAREQBERAEREAREQBERAEREAREQBERAEREAREQBERAEREAREQBERAEREAREQBERAERRHWPaBS0VVFSy4rvsXvtZkTXXwucT8YEjO24XJWpN8GyXIvjXA5g3UP2rablpKAyQSmOV0kbGOABOZLnCzgR8VruCJbejG9ExRR7UGulnoKead5fI9pLnEAX77gMgANwCkKNaNCL5dfVgCIiAIiIAiIgCIiAIiIAiIgCIiAIiIAiIgCIiAIiIAiIgCIiAItbpXT1JTfnFTFETuD3tBPgL3K0Em1DRDTY1hPhDO4eojIK1S3xGbJiijlHr3ouW2GuhBO4Pd2Z8LPsVII5A4XaQRzBuPVGmum7P2ojtF1ObpCDugCojuYnHjzjcfou9xsVLlXGs+1AUVc+mdT9pEwMxOY60ge4BxFj3TkRxC2FW\/xMevs22y2lr4qMR1zcOE2iaTeRsfJ9ssju42XvtD1UfpKCOFkzYsEoluWl97RyMtYEW+U9y3mhdKR1UEdRFiwSNxNxDCbdQvObTtM12EzNv0uQPEgWCjJnnG\/dTS\/6VMOvErZ+tX9HfBqaCnuD2UbI7jIEtaATbqoBtH2hyQyOoaJju3ya5+E3aXC4bE23fdYjO1vHhZkUgcAWkEHMEG4KxXaKgM4qTCwzBuASW74be9gVU0t7fklp8I3sx0PW0tMRWylxe7G1hOJ0eK5cHPubkk3twN881MV8C+o3t7NQREWAIiIAiIgCIiAIiIAiIgCIiAIiIAiIgCLzqJ2xtc97g1jQXOc4gNa0C5cScgABe603\/GWjP\/caX+dH\/wBy1JsG9RaRmuGjXENbpCmJJAAEzCSSbAAXzzW7RpoBERYAqe2l7SJGyPpKF+DAS2WYfGxDIsYf0bG4Lt991t6szWqvNPR1M7fjRwyPb+81hLffZcseJJPEneTzK74YT8si2fp7i4lziS45kk3JPMk5lflFa+p2yeOenjnq5pAZGh7Y48IwtcLtxOINzYg2FrdV6KpSvJCWyqFn6I0zU0rsVNO+I8mnunxae67zCtnSGxeAgmCrlYeAka17b+WEqu9Z9SK2hu6WLHEP+bH3mf4uLP8AELdSpWSa8BpovTZ3puWtoIqiYN7Rxka7CLA4JHMBtc2uGqitpTv\/ADOsP\/yD3RMH+iuLY180w\/vz\/jyKr9sGjjFpKR9u7M1kgPA90McPIs96549LI0VX6ot6olMWjIRHleKFuXAFgv8A76qHra7M9Mx1+jxSSO\/KwtDHC\/eLB8nIOeQAPUdVky6p1AdZpY4cDe3usvyv+16PPeZVKbWtH2v871GKIap6ZmajVLsT4\/0bYh0N7H1v7lWu2HS040g+JlRK1jY47sbI4NDiCT3Qbbi1WtCyHRtPJPPIAALvdztua0byb7hxJXP9S+bSdcS0flamWwH0QbAeTWNF+jV9r\/IwXiwJZOo+d63JN5W5L72Yh39l0uK9yxxz3kGRxB9CFKFjaOpGwxRxMHdja1jfBoAH2LIJXob2zkj6ixzWxfrGfWH9U+HRfrWfWH9VgMhFj\/Dov1rPrD+q+trIybCRhJ3DEEB7ovy94AuSABvJyHqvH4dF+tZ9Yf1QGQi8BWRnISM+sP6r2ugPqLUVetFDES2Stp2OG8GVgI8Re4Xto\/TtJObQVUMp5MkY4+gN1umDYoiLAERec07GC73NaObiAPegPRFo5NcNHDfX0385h+wr2pNZaGU4Y62ne48GysJ9L3W6Y2bZF8BX1YDR68\/Ntd\/C1H4L1y+uoNefm2u\/haj8F65fXqwcZzsy9E\/Lw+1i\/EausVydon5eH2sX4jV1ipz9QgIiLznQ1Gt1C6eiqYWC75IZWt\/eLDh99ly0CuvFSG1PUGSKR9ZSRl0TyXSsaLujccy8NG9hOZt8Xw3d8N68Mi0VkrS1C2pNp42U1axxjYA1kzBiLWgWAezeQAALtuenFVaCi9FSqWmc09HWGi9KQVLBJTyskYeLSDboeIPQ5rKc0EEEXByIO4hco6K0pPTPElPK6N\/Nptfo4bnDoVb2pW1hkzmwV4bE8mzZW\/JOPAPH\/LPX4vgvNeFryjoq2WRo3R0VOzs4Y2xsu5wa0WaC5xc6w4Zkm3VRDa5q58LozIxt5qe8jOZZl2jPQB3iwKcAoQuSpp7KaOTdHV8sEjZYJHRyN3OabHqOoPI5KcwbYNItbZzKd5+kWOB8SA8A+5RrXjRYpa+ohaLMa\/Ez914DwB0GK3ktEvb7ZpbZy20bnWPWirrnB1TLiAzaxvdjaeYbz6m56q09jOqgii+Hyt\/KSgiIH9GL6Xi63oBzKpilpzJIyMGxe5rAeRe4Nv711PWStpaV7gAGwxOIHCzGXA9y55npKUVPl7IVtF2kCjcaala19QAMbnZsiuLgED4ztxtuF8+SpzS2sNZUkmeplffgXEM8mCzR6LX1FQ+R7pJDd7yXOPNzjc+8rZ6qaCfXVUdMw2xXLnb8DG5udbjwA6kK5iYRLbZpuzHIeidk36I9F0hR7NdFsjwGla\/LN7y4vPXFfLysqn2m6lN0dIx8JJgluGhxu5jxnhvvcCMwehv1ycqp6DnRB+yb9Eei3mo0Y\/tGkyHy8fD9paeN9iDYGxBsRcGx3EHeOi6B1B0do2qp4ayKgp45Qe9hYAWSsNjY8OY6ELcle1CVtm32ifNlZ7CT7pXMfZN+iPRdObQ\/mys9hJ90rmVRg4zb6Zur88cNVBM8WbHLG91hc2a4E2HPJSHXLX+qr3Foc6GDc2NpsSOchHxj03DrvURU81I2aTV0YnmkMEJ+J3bySD6TQcmt5E7+Vsz0r2r8mYt8RAwF9aSCCDYjMEZEHmDwVk667K\/glO+pp6h0jYxd7HtAdh4uDm5G2+1tyrVbNKl4Ma0XRsj15knd8Cqnl7w0mGQ\/GcBvY48SBmDvIvfdc2muV9Waww1lNKDbDNHn+yXhrv8AKSuqF5c0pPwdYe0Uvr1tRqe2lpqRvYiN8kTpDZ0jnMcWEt4MFxlvPgqzrqyWZ2OaV8rub3Fx95yUpOqtVpDSVayBndFXU45HZRs\/Lv3nif2Rn4b1Z2gdlGj4QDODUP4l5IZfpGDa3jddfdEIjTZQKELpqTUbRZBH9n046iNrT5OAuFQ2vugG0NbJAwns7NfHfM4HDcTxsQ4X6K4yqnoxzo9dU9d6ugc3BI6SG\/eheSWkccN\/iHqMuYXRWh9Jx1MMc8RuyRoc3nnwI4EHIjmFyer72ISk6OLScmzSAdAcLvtcT5rnmla2VD+iS68\/Ntd\/C1H4L1y+uoNefm2u\/haj8F65fW4OMWZeifl4faxfiNXWK5O0T8vD7WL8Rq6xU5+oQERF5zoF8stfrFVPipKiWM2fHDK9pIuA5sbnDLjmFAdVdrsEoDK5vYPyHaNu6I9Txj87jqqUtraMbSNvrVsxo6smSMfB5TnijAwOPN0e4+IsVU2tGz6uoQXvjEsQ3yRXcAOb22xM8cwLb10VR1kcrQ+KRsjTucxwcPUL1duVTlqTHKZyKhW813FOK+oFLbsseWG2G9hjDbcMeJaNexPaOReWxbWR9RA+llcXPgw4CTcmJ1wAeeEi3gQrKVG7CAfhsx4dgb+Jljt9h9FeS8eVao6zw5w2q1PaaUqP2MDPG0bL+8keSi3YPw48DsF8OPCcGLlita\/RZWnKrtameX6csjvIvJHusr51a0CyTQkdMWj8rT4j+\/I0vDvEOcM+i9Dr2SiNbZQuhHhtTTuO4Twk+Alaf9F07rHRmakqIm73xSNHiWED3rlR+IA8HD3Ef\/q61oZhJFG8bnMa4eBaD\/qoz\/TNg5LseIseI5HkpZsv05FR6QZJMQ2N7HwucdzMRY4OPTFGAeV1NNo+zJ8j3VdA0EuJdJDcC7uL4ycrni025jkalqqWSJxZLG+Nw3te0tcPJwBXVUrROmmdaMkDgCCCDmCMwR0PFUxtu1ihmMVJE4PdG4ySOBuGuwlrWXG82JJ5Zc1WsWkJ2s7Ns8rWfQbI8M+qDZY25c4w+17Ndb8BXxsNpnM0e9zhYSVEj29WhkUd\/rRu9FWepuodXXvacDooL96VwIuOUYPxz13DnwPQ+jaGOCJkMTcLI2hrR0H2rM1rWjYX2abaH82VnsJPulcyrpraH82VnsJPulcyrcHGZfTY6u0zZaunjeLtfNG1w5tLwCPRdUxsAAAAAGQAyAA3ALlvVL8+pfbw\/iNXUyjP1FQYGn2g004IuDFJ9wrlFm4Lq\/Tn5tP7KT7hXKDNw8FXp\/syz9NOY8R9q66K5FC66Kz1H0IMZscMDXEBkbbukecmtxOcXOe47rkkkk81CdP7WKCC7YMVS8Zdzuxg9ZHbx1aHKsdoWuctfM5rXFtMxxEbAcngG3aO5k2uAdwsokATkASTkAMyTwAHFbGH7oO\/4TzTO1nSM1xFgp2n6AxP+u77Q0KE1lXJK4ySyPkc7PE8lxPmeG9XbqZssp4GslrGiaawJYc4ozvsG\/pkczyyAUH21MDdJBrQABTxAACwAxy7gqip3qUY09bZA1fGw35vf7d\/3WKh1fGw35vf7d\/3WJm\/UR0lGvPzbXfwtR+C9cvrqDXn5trv4Wo\/BeuX1mDjNsy9E\/Lw+1i\/EausVydon5eH2sX4jV1ipz9QgIiLznQ1GuH5hV\/w8\/4Tly0F1vVU7JGOje3Ex7S1w4FrhYjzBVaac2N07yXUk74T9B47Rnkbhw9Su2K1PSKWymaaqkjN4pXxnmx7mH1aQsibTNU8Fr6uoc05EOmkLSORBdYqWV+yfSkd8LIphw7OQAnykDc\/Nag6h6VH\/QS\/5D9jl6PdL+yNMjiKZ6P2XaVl3wNhHOWRo9zMR9ysbU\/ZZT0rmzVDvhErbEXFomHmG\/pHq70CyssoKWz97HtWn0lM6aZuGWch2E72xtBwA8iblxHUclYCIvHT29nVLRyfpmm7Koni+hLI3yDyB7l0bs8qe00bSO5QtafFncPvaq\/2i7O6yetfUUkQeyUBzxja0tkAwn4xFwQAcuqlWzLR9XQ0ckNZFgEbnSMOJrgWEYnC7SbWcCc\/pLvkpVCIlaZQNV8d\/wC877Sum9R5cejqNx408J\/+tq5glluS7nd3rmupdU6Qw0VNE7IshiaehDACtz8Qjpo9qWs0lDR4oTaWV\/Zsd9Duuc54HEgNsOpC56qal8ji+R7nuO9z3Fzj5nNXntfloZabsZqtkc7HCSJub3YsJGFzWAuaCHb+GRVDqsKXtMvpPdmNDoiTtDpCRna4gI2SvLIyzDvBuA43vkTlYZZq2ND6J0M13\/ho6Mu5s7N7umdyVzUvlhyW3j9z6FWjrwBfVy3oXWitpHB0FS8AfoOJfGehY7L0seqvvUDXFmkoS7DgljIErL3AuMnN\/ZNj5gjgvPeJz5LVJnvtD+bKz2En3SuZV1JrhQSVFFUwRAF8kT2NBNhciwueCpP+6jSv6qL+aP6LphpJeWTa8kd1S\/PqX28X4jV1MqK0Bsy0nFVQSvjjDGSxvdaQE4WvBNhbPIK9VOZptaNhGDpz82n9lJ9wrlBm4eC6z0pC58MrGi7nRvaPEtIHvKoRuyfStvkov5o\/otw0lvYtEJC61rYy6N7WmxLXAHkSCAVQI2U6V\/VRfzR\/RdBpmpPWhCORBGW90ixbkRyIyI9QvSCUsc17fjNc1wvuu0gj3hXHr9stdPK+poS0PeS6SJ5wtLjmXsdbIk5kHK5vcKvZdQNKtJBoJMuILHDyIcu05Ja6Q5aLQi2w0HYh7mTCW2cQbfvdHkhtuu+3C+SqTW7WKTSFSamRjWHCGNa0kgMaSQCT8Y9452Hgt9ojZVpOYjtI2U7eJkcHOA5hjCb+BLVJ9ZdkQbTM+AkvnYTj7QgdqDbd+iwi2Q3Zm54qF8cPwU\/cyoFNNSNoUmjYZIW07Zg9+NpLyzCS0NOQYcQ7oO8LX\/8AAWlb2+AS38WW9cVlvdEbItISkGcx07eNz2jx\/hZ3T9ZXVQ15ZKTLL0jpF9ToKaoeAHS0EzyG3sC6ncbC56rnNdM1WgXM0VJQQnG74I+BhdZuJxhLGk8BckKnv7qNK\/qov5o\/oueKpWyqTIlon5eH2sX4jV1iqCoNlulGSxvdFFZsjHH8qNzXgn3BX6pzUnrRsLQREXAsIiIAiIgCIiAIiIAvKqp2yMdG8Xa9pa4brhwIOY3ZFeqICHx7MtFAgil3EEXkkIyN8wXZrM2gaafR0E00eTwGsYeTnuDA7yvfyUkWl1y0H8No5qa4a54BYTuD2kObfpcAHoSqT21szXjwcwSyOc4uc4uc43JJuSeZJ3lT3ZVqXBXmWWpLjHEWtDGnDicRiJcRna1t1uKhOk9HzU8joZ4zHI3e0\/aDxB4ELN1b1kqaCQyUzw0uFnNcMTHgbsTelzmCDmvZSbnwcl3yX9Hs90UP+hi88R+0rV6c2XaNljd2URgeAcLmOdYHq1xIIUNZtpqrC9HCTxIe8A+Vjb1Wo1h2oV9Ux0TcEEbhZ3Zgl5B3jGTkCOQB6rgoybLbkg4\/3bcrI2EPeK6ZoHcNOS4\/tCWPD7nPVcMaSQ0AknIAC5J5ADeeivvZHqjJRQvmqG4ZpsPd4sjbctaf2iSSfIcF1y0lJMryT57wASSABmScgAoppLX6ljJbGHSkcW2DPrHf4gFaXaTppxk+CsNmtAdJb9JxzDT0Aset+ii+g9DS1UnZxAZC7nH4rRzNvcOKzHgn2+6zhl9RXu9sEwbtKF86Q26SZ\/cW50TrvTTvbHZ7HuIADhcEngC0n32Wri2cRWGKoeTxs1oHkDf7Vjw6ky09TDLG8SRtkYTfuvaMW+253l6LGsDXgJ50\/JYSLwrKpkTDJI4Na0XJO4KG1m0eIG0VO545ucGX8BZxXCcdVxHpvJMfsycooPRbRonG0tO5g5tcH28RZp9LqZUtUyRgkjcHNcLgjcUvHUdQjJN\/qz2RQev2hCOWSP4KTge9l+0tfC4tv8Xov1pHaFGwNEURe8taXd6zWkgHDe13EbtwVfDf8I+fH\/SbIoPobaA2R7WTxdniNg9rrtBPMEZDrmpdpCuZDG6WQ2a0XP8AoBzJOSmsdS9NFzkmltMykVd1W0d2L8nTjDwL3ZnyAsPUraata7iplbC+DA517Oa7E3IF2YIBGQ6qngtLbRC9Rjb0mTBFhaV0nFTRmWV1mj1J4ADiVB6raO\/Eeyp2hvDG4k+YGQ8M1kYqviKvLEdZYqKvaLaMcX5anGHmx2Y\/wnf6hTqhrGTMbJG4Oa4XBH+8isvHUdQjLN\/qzIREUHQIiIAiIgCIiAIiIAiIgCIiA1+mNCU1U3BUwMlHDEMx+67e3yKh1bsg0a8ksM8XRrwQPrtcferBRUqa4zNIq7+5Wl\/9ZP6R\/wDasil2NULflJ6iTpiY0e5l\/erJRb8lf0e1Gi0DqjQ0edPTta7djN3P+s4kjyW9RFLe+mlM65A\/DZ8W\/GPTA23uspfstLexlGWPtM+eHA3D78fvWJtI0G4uFVG24sGyAbxbc\/wtkeVgohobS0tLJ2kTrHcQc2uHIhe\/Xy4tI+bv4s22Xiir+PaR3e9SnF0k7vvbcLAOulTUTRMFomGSMENzcQXjIuPDwAXmXp7+z1v1OP6MnajWuxxQX7ob2h6kuLR6YT6rE1C1diqe0kmBc1hDQ25AJIuSbZ7req2G0\/RriY6hou0Ds3dMyWn\/ADEei02pmsraMvbI1zo32PdtcOGW4kXuOvBd528P4dPNeln\/AD4e2vmr8VK6N8IIa\/EC25IBbbcTnnfd0Wx2W1rsUsBPdsJGjkb4Xet2+i02uWsbaxzBG1zWMvbFbEXOtfIEgDJb7Zho1wElQ4WDgGM6gG7j4XsPIpe1h\/PojTz\/AIcIZp786qPbS\/iOU71Z1NpnUzJJml7pGtfe5AaHC4AAIzsd54qCae\/Oqj20v4jlb+rf5pTewi\/DamemonQ9PCrJWymdIU3ZyyR\/Qe9n1XEf6KytYKaSp0ZGYxidgikIG9wwAkDmc7+Sr3WD86qPbS\/iOVlN0r8F0bTzYMYEVOCL2yc1oNjzW5m\/wa6ZhS3afCtdCaQFPMJHRNktcFrvtGRsRbkrC0BW6PqpWyRxCKdlyG2DSbtIPxcnix8fBaXT+mNF1MTn9m9s1jhIbhditliI7pF+fBRjV0ONVBgvi7Vm7liBPla9+l1tT8ktvaZk18dJLTRIdp1U41DI791rA4Dq4m59Ghe+zzQMMzHzTMD7OwNDs2jIEm3E5+5eu03RTyWVLQS0NwP\/AGbElp8MyL+C0uqWtBo8bXML2ON7A2Ida1xffcfYpW6w6gptTnbvhkbQdDRU8kboW4RIHXaNwLS3Mcr4t3RbTZZVO\/LRE90YXjoTcH7B6KN61awGska7BgYwENF7nOxJJ8h6KY7NtEviifM8WMtsIO\/A2+fmT7gmTxh1XRj08+54TNEReE+gEREAREQBERAEREAREQBERAEREAREQBERAfHNvwUZ0nqNSSkuaHRE\/QIDSf3SCB5WUnRVNOeMmomuog7dnEPGok9G\/wBFuNFan0kBDgwvcDcOkOKx6AADzspAip5bfWQsMLiPxLE1wLXNBBFiDmCPBRWs1ApHklhkjvwaQW+jgT71LUUzdTxl1E11ETotQaRhBdjk6OIw+jQL+qlMcYaA1oAAAAAyAA4AL9olXVdYmJniItVai0skj5HOlu9znkBwtdxJNu7zKkVHTNijZE2+FjWsF99mgAX8gvdEd0\/DYmJl7SIzVakUkj3yO7TE9znGz8ruJJytzK3DtFQmBtO5mKNrWtAdnk0ADPnkM1nIjun1mLHK4iKT6gUbjcdozo1+X+YEraaG1cpqU3ij727E44nW8eHktui15Ka02FihPaR8c0EWIuDvHBR2r1JopDfsiw\/sOIHpuHkpGiyac8ZtRNdRoNH6oUURDhDicNxeS73HL3LfWX1Fjp10TKniCIiwoIiIAiIgCIiAIiIAiIgCIiAIiIAiIgCIiAIiIAiIgCIiAIiIAiIgCIiAIiIAiIgCIiAIiID\/2Q==\" alt=\"\"\/><\/figure>\n<\/div>\n\n\n<div style=\"height:41px\" aria-hidden=\"true\" class=\"wp-block-spacer\"><\/div>\n\n\n\n<p style=\"font-size:18px\"><strong><span style=\"color:#761e99\" class=\"has-inline-color\">Pour  se faire aider quand on est victime d&rsquo;une arnaque en ligne  :<\/span><\/strong><\/p>\n\n\n\n<p>La plateforme 17Cyber : <a href=\"https:\/\/www.quechoisir.org\/actualite-arnaques-en-ligne-la-plateforme-17cyber-pour-aider-les-victimes-n148988\/?utm_medium=email&amp;utm_source=nlh&amp;utm_campaign=nlh20250206&amp;at_medium=email&amp;at_emailtype=retention&amp;at_campaign=nlh20250206\">Arnaques en ligne &#8211; La plateforme 17Cyber pour aider les victimes &#8211; Actualit\u00e9 &#8211; UFC-Que Choisir<\/a><\/p>\n\n\n\n<div style=\"height:19px\" aria-hidden=\"true\" class=\"wp-block-spacer\"><\/div>\n\n\n\n<p style=\"font-size:18px\"><strong><span style=\"color:#761e99\" class=\"has-inline-color\">Pour signaler des escroqueries sur un site officiel :<\/span><\/strong><\/p>\n\n\n\n<p class=\"has-text-align-center has-blue-color has-text-color\" style=\"font-size:18px\"> <a rel=\"noreferrer noopener\" href=\"https:\/\/www.internet-signalement.gouv.fr\/\" target=\"_blank\">Internet-signalement.gouv.fr<\/a>  <\/p>\n\n\n\n<p>pour alimenter les connaissances des services de police judiciaire.<\/p>\n\n\n\n<div style=\"height:32px\" aria-hidden=\"true\" class=\"wp-block-spacer\"><\/div>\n\n\n\n<p style=\"font-size:18px\"><strong><span style=\"color:#761e99\" class=\"has-inline-color\">Pour vous aider dans vos choix de produits alimentaires, cosm\u00e9tiques et m\u00e9nagers :<\/span><\/strong><\/p>\n\n\n\n<p> <a href=\"https:\/\/www.quechoisir.org\/application-mobile-quelproduit-n84731\/?utm_medium=email&amp;utm_source=nlh&amp;utm_campaign=nlh210324&amp;at_medium=email&amp;at_emailtype=retention&amp;at_campaign=nlh210324\">Appli QuelProduit &#8211; Une application gratuite pour choisir ses produits alimentaires, cosm\u00e9tiques et m\u00e9nagers &#8211; Application mobile &#8211; UFC-Que Choisir<\/a><\/p>\n\n\n<div class=\"wp-block-image\">\n<figure class=\"aligncenter\"><img decoding=\"async\" src=\"https:\/\/im.qccdn.fr\/node\/application-mobile-quelproduit-84731\/principal-64519.jpg\" alt=\"Appli QuelProduit\u00a0Une application gratuite pour choisir ses produits alimentaires, cosm\u00e9tiques et m\u00e9nagers\"\/><\/figure>\n<\/div>\n\n\n<div style=\"height:5px\" aria-hidden=\"true\" class=\"wp-block-spacer\"><\/div>\n\n\n<div class=\"wp-block-image\">\n<figure class=\"alignright size-full is-resized\"><img loading=\"lazy\" decoding=\"async\" width=\"800\" height=\"480\" src=\"https:\/\/ufc-que-choisir-lauragais.fr\/wp-content\/uploads\/2025\/01\/image-2.png\" alt=\"\" class=\"wp-image-2919\" style=\"width:178px;height:auto\"\/><\/figure>\n<\/div>\n\n\n<p style=\"font-size:18px\"><strong><span style=\"color:#761e99\" class=\"has-inline-color\">Pour r\u00e9gler vos probl\u00e8mes avec Ryanair  :<\/span><\/strong> ici l&rsquo;accord entre l&rsquo;UFC Que Choisir et Ryanair :<\/p>\n\n\n\n<p><a href=\"https:\/\/www.quechoisir.org\/action-ufc-que-choisir-transport-aerien-accord-ufc-que-choisir-ryanair-n148484\/?utm_medium=email&amp;utm_source=nlh&amp;utm_campaign=nlh20250116&amp;at_medium=email&amp;at_emailtype=retention&amp;at_campaign=nlh20250116\">Transport a\u00e9rien &#8211; Accord UFC-Que Choisir \u2013 Ryanair &#8211; Action UFC-Que Choisir &#8211; UFC-Que Choisir<\/a><\/p>\n\n\n\n<div style=\"height:27px\" aria-hidden=\"true\" class=\"wp-block-spacer\"><\/div>\n\n\n<div class=\"wp-block-image\">\n<figure class=\"alignright size-full is-resized\"><img loading=\"lazy\" decoding=\"async\" width=\"400\" height=\"280\" src=\"https:\/\/ufc-que-choisir-lauragais.fr\/wp-content\/uploads\/2025\/08\/Carrousel-Compte-bancaire.jpeg\" alt=\"\" class=\"wp-image-3228\" style=\"width:254px;height:auto\"\/><\/figure>\n<\/div>\n\n\n<p style=\"font-size:18px\"><strong><span style=\"color:#761e99\" class=\"has-inline-color\">Pour vous aider vis-\u00e0-vis de votre banque :<\/span><\/strong><\/p>\n\n\n\n<div style=\"height:66px\" aria-hidden=\"true\" class=\"wp-block-spacer\"><\/div>\n\n\n\n<div data-wp-interactive=\"core\/file\" class=\"wp-block-file\"><object data-wp-bind--hidden=\"!state.hasPdfPreview\" hidden class=\"wp-block-file__embed\" data=\"https:\/\/ufc-que-choisir-lauragais.fr\/wp-content\/uploads\/2025\/08\/Compte-bancaire_Ce-que-votre-banque-peut-faire-ou-pas_Juillet-2025.pdf\" type=\"application\/pdf\" style=\"width:100%;height:600px\" aria-label=\"Contenu embarqu\u00e9 Compte-bancaire_Ce-que-votre-banque-peut-faire-ou-pas_Juillet-2025.\"><\/object><a id=\"wp-block-file--media-66837dec-25df-482e-b737-c4d331fe68db\" href=\"https:\/\/ufc-que-choisir-lauragais.fr\/wp-content\/uploads\/2025\/08\/Compte-bancaire_Ce-que-votre-banque-peut-faire-ou-pas_Juillet-2025.pdf\">Compte-bancaire_Ce-que-votre-banque-peut-faire-ou-pas_Juillet-2025<\/a><a href=\"https:\/\/ufc-que-choisir-lauragais.fr\/wp-content\/uploads\/2025\/08\/Compte-bancaire_Ce-que-votre-banque-peut-faire-ou-pas_Juillet-2025.pdf\" class=\"wp-block-file__button wp-element-button\" download aria-describedby=\"wp-block-file--media-66837dec-25df-482e-b737-c4d331fe68db\">T\u00e9l\u00e9charger<\/a><\/div>\n\n\n\n<div style=\"height:44px\" aria-hidden=\"true\" class=\"wp-block-spacer\"><\/div>\n\n\n\n<p style=\"font-size:18px\"><strong><span style=\"color:#761e99\" class=\"has-inline-color\">Pour consommer bien inform\u00e9 dans les foires et les salons  :<\/span><\/strong><\/p>\n\n\n\n<p>Comme chaque ann\u00e9e, l\u2019UFC-Que Choisir constate que de nombreux consommateurs regrettent leurs achats apr\u00e8s leur visite sur des foires ou salons. En effet, certains professionnels ne sont pas \u00e0 court d\u2019arguments pour <strong>pousser \u00e0 l\u2019achat<\/strong>. Des m\u00e9thodes de vente employ\u00e9es sont parfois m\u00eame contestables. Cuisines \u00e9quip\u00e9es, pompes \u00e0 chaleur, panneaux photovolta\u00efques, ventilation, ballons thermodynamiques, travaux d\u2019isolation ou de toiture ou achat de mobilier (matelas, literie&#8230;), tout y est propos\u00e9 ! <\/p>\n\n\n\n<p><\/p>\n\n\n\n<p>L\u2019UFC-Que Choisir rappelle, \u00e0 l\u2019occasion de la sortie de son \u00e9dition sp\u00e9ciale Foires et salons 2020, <strong>l\u2019absence de droit de r\u00e9tractation<\/strong> lors d\u2019un achat sur une foire ou un salon, malgr\u00e9 un combat men\u00e9 tant au niveau national qu\u2019europ\u00e9en. Nos derniers constats accablants en 2019 en mati\u00e8re de travaux de r\u00e9novation \u00e9nerg\u00e9tique d\u00e9montrent pourtant la n\u00e9cessit\u00e9 de notre action sur ce sujet. Par cons\u00e9quent, <strong>la prudence reste de mise<\/strong>. Se rendre sur une foire pour se renseigner, pour comparer (diversit\u00e9 des offres, nouveaut\u00e9s&#8230;) peut \u00eatre une bonne id\u00e9e. Quant \u00e0 acheter&#8230;<\/p>\n\n\n\n<p><strong>Nos kits juridiques :<\/strong><\/p>\n\n\n\n<div class=\"wp-block-file\"><a id=\"wp-block-file--media-5ff298b1-e022-4b99-b677-e77804d16c15\" href=\"http:\/\/185.53.129.224\/wp-content\/uploads\/2020\/11\/Livret_AvantlaFoire_Avril2018.pdf\">Livret Avant la Foire Avril 2018<\/a><a href=\"http:\/\/185.53.129.224\/wp-content\/uploads\/2020\/11\/Livret_AvantlaFoire_Avril2018.pdf\" class=\"wp-block-file__button wp-element-button\" download aria-describedby=\"wp-block-file--media-5ff298b1-e022-4b99-b677-e77804d16c15\">T\u00e9l\u00e9charger<\/a><\/div>\n\n\n\n<div class=\"wp-block-file\"><a id=\"wp-block-file--media-3997723c-ec5c-49f7-817a-59415aa9790f\" href=\"http:\/\/185.53.129.224\/wp-content\/uploads\/2020\/11\/Livret_ApreslaFoire_Avril2018.pdf\">Livret Apr\u00e8s la Foire Avril 2018<\/a><a href=\"http:\/\/185.53.129.224\/wp-content\/uploads\/2020\/11\/Livret_ApreslaFoire_Avril2018.pdf\" class=\"wp-block-file__button wp-element-button\" download aria-describedby=\"wp-block-file--media-3997723c-ec5c-49f7-817a-59415aa9790f\">T\u00e9l\u00e9charger<\/a><\/div>\n\n\n\n<p><\/p>\n\n\n\n<div style=\"height:100px\" aria-hidden=\"true\" class=\"wp-block-spacer\"><\/div>\n","protected":false},"excerpt":{"rendered":"<p>Pour recevoir (gratuitement) les communiqu\u00e9s de l&rsquo;UFC Que Choisir : la newsletter Pour envoyer votre t\u00e9moignage sur un probl\u00e8me de consommation \u00e0 la revue Que Choisir : courrierdeslecteurs@quechoisir.org Pour r\u00e9diger des lettres, \u00e0 votre disposition gratuitement des lettres-types de r\u00e9clamation &hellip; <a href=\"https:\/\/ufc-que-choisir-lauragais.fr\/index.php\/des-kits-de-conseils-juridiques\/\">Continuer la lecture <span class=\"meta-nav\">&rarr;<\/span><\/a><\/p>\n","protected":false},"author":1,"featured_media":0,"parent":0,"menu_order":0,"comment_status":"closed","ping_status":"closed","template":"","meta":{"footnotes":""},"class_list":["post-60","page","type-page","status-publish","hentry"],"_links":{"self":[{"href":"https:\/\/ufc-que-choisir-lauragais.fr\/index.php\/wp-json\/wp\/v2\/pages\/60","targetHints":{"allow":["GET"]}}],"collection":[{"href":"https:\/\/ufc-que-choisir-lauragais.fr\/index.php\/wp-json\/wp\/v2\/pages"}],"about":[{"href":"https:\/\/ufc-que-choisir-lauragais.fr\/index.php\/wp-json\/wp\/v2\/types\/page"}],"author":[{"embeddable":true,"href":"https:\/\/ufc-que-choisir-lauragais.fr\/index.php\/wp-json\/wp\/v2\/users\/1"}],"replies":[{"embeddable":true,"href":"https:\/\/ufc-que-choisir-lauragais.fr\/index.php\/wp-json\/wp\/v2\/comments?post=60"}],"version-history":[{"count":68,"href":"https:\/\/ufc-que-choisir-lauragais.fr\/index.php\/wp-json\/wp\/v2\/pages\/60\/revisions"}],"predecessor-version":[{"id":3232,"href":"https:\/\/ufc-que-choisir-lauragais.fr\/index.php\/wp-json\/wp\/v2\/pages\/60\/revisions\/3232"}],"wp:attachment":[{"href":"https:\/\/ufc-que-choisir-lauragais.fr\/index.php\/wp-json\/wp\/v2\/media?parent=60"}],"curies":[{"name":"wp","href":"https:\/\/api.w.org\/{rel}","templated":true}]}}