{"id":211,"date":"2024-09-27T18:48:24","date_gmt":"2024-09-27T16:48:24","guid":{"rendered":"http:\/\/ufc-que-choisir-lauragais.fr\/?page_id=211"},"modified":"2024-09-27T18:48:25","modified_gmt":"2024-09-27T16:48:25","slug":"les-abonnements","status":"publish","type":"page","link":"https:\/\/ufc-que-choisir-lauragais.fr\/index.php\/les-abonnements\/","title":{"rendered":"les ABONNEMENTS"},"content":{"rendered":"\n<p>Vous pouvez choisir de vous abonner<\/p>\n\n\n\n<div class=\"wp-block-image\"><figure class=\"alignright is-resized\"><img loading=\"lazy\" decoding=\"async\" src=\"https:\/\/st.qccdn.fr\/images\/abo\/visu-offre-mensuel.jpg\" alt=\"Magazine mensuel Que Choisir\" width=\"206\" height=\"274\"\/><\/figure><\/div>\n\n\n\n<ul class=\"wp-block-list\"><li>soit \u00e0 la revue papier, tous les renseignements par le lien ci-dessous :<\/li><\/ul>\n\n\n\n<p><a href=\"https:\/\/abonnement.quechoisir.org\/magazine\/\">https:\/\/abonnement.quechoisir.org\/magazine\/<\/a><\/p>\n\n\n\n<ul class=\"wp-block-list\"><li>soit au site Que Choisir. Vous acc\u00e9derez ainsi \u00e0 tous les contenus et services du site en illimit\u00e9. <\/li><\/ul>\n\n\n\n<p><a href=\"https:\/\/abonnement.quechoisir.org\/\">https:\/\/abonnement.quechoisir.org\/<\/a><\/p>\n\n\n\n<p>L&rsquo;adh\u00e9sion \u00e0 notre association est ind\u00e9pendante des abonnements aux revues ou au site. (Ce n&rsquo;est pas parce que vous \u00eates abonn\u00e9 au mensuel ou au site que vous \u00eates adh\u00e9rent).<\/p>\n\n\n\n<p>Pour adh\u00e9rer, se reporter \u00e0 la colonne de droite du blog, dans \u00ab\u00a0notre association locale\u00a0\u00bb.<\/p>\n","protected":false},"excerpt":{"rendered":"<p>Vous pouvez choisir de vous abonner soit \u00e0 la revue papier, tous les renseignements par le lien ci-dessous : https:\/\/abonnement.quechoisir.org\/magazine\/ soit au site Que Choisir. Vous acc\u00e9derez ainsi \u00e0 tous les contenus et services du site en illimit\u00e9. https:\/\/abonnement.quechoisir.org\/ L&rsquo;adh\u00e9sion &hellip; <a href=\"https:\/\/ufc-que-choisir-lauragais.fr\/index.php\/les-abonnements\/\">Continuer la lecture <span class=\"meta-nav\">&rarr;<\/span><\/a><\/p>\n","protected":false},"author":1,"featured_media":0,"parent":0,"menu_order":0,"comment_status":"closed","ping_status":"closed","template":"","meta":{"footnotes":""},"class_list":["post-211","page","type-page","status-publish","hentry"],"_links":{"self":[{"href":"https:\/\/ufc-que-choisir-lauragais.fr\/index.php\/wp-json\/wp\/v2\/pages\/211","targetHints":{"allow":["GET"]}}],"collection":[{"href":"https:\/\/ufc-que-choisir-lauragais.fr\/index.php\/wp-json\/wp\/v2\/pages"}],"about":[{"href":"https:\/\/ufc-que-choisir-lauragais.fr\/index.php\/wp-json\/wp\/v2\/types\/page"}],"author":[{"embeddable":true,"href":"https:\/\/ufc-que-choisir-lauragais.fr\/index.php\/wp-json\/wp\/v2\/users\/1"}],"replies":[{"embeddable":true,"href":"https:\/\/ufc-que-choisir-lauragais.fr\/index.php\/wp-json\/wp\/v2\/comments?post=211"}],"version-history":[{"count":10,"href":"https:\/\/ufc-que-choisir-lauragais.fr\/index.php\/wp-json\/wp\/v2\/pages\/211\/revisions"}],"predecessor-version":[{"id":1247,"href":"https:\/\/ufc-que-choisir-lauragais.fr\/index.php\/wp-json\/wp\/v2\/pages\/211\/revisions\/1247"}],"wp:attachment":[{"href":"https:\/\/ufc-que-choisir-lauragais.fr\/index.php\/wp-json\/wp\/v2\/media?parent=211"}],"curies":[{"name":"wp","href":"https:\/\/api.w.org\/{rel}","templated":true}]}}